90793 a prime number?
True
Is 121041181 composite?
False
Is 374810083 prime?
True
Is 282058663 a prime number?
False
Is 71396670797 a composite number?
False
Is 9721778597 a prime number?
True
Is 1934740859 composite?
False
Is 2372537567 composite?
False
Is 1183408847 a prime number?
True
Is 17217139829 prime?
True
Is 35364754427 composite?
True
Is 1811855569 composite?
False
Is 18913297001 a prime number?
True
Is 2223400459 prime?
False
Is 87456433 composite?
True
Is 853153681 a composite number?
True
Is 2439974311 prime?
True
Is 342391939 a composite number?
True
Is 828114211 a composite number?
False
Is 25229158711 a prime number?
False
Is 126599022937 a composite number?
False
Is 514507865 a prime number?
False
Is 166264878683 prime?
True
Is 71808739 composite?
False
Is 125378413859 a composite number?
True
Is 72860717651 a composite number?
False
Is 448277783 a composite number?
True
Is 86464045859 a prime number?
False
Is 83034489931 a composite number?
False
Is 31035413 a prime number?
True
Is 5136757229 composite?
True
Is 755276623 prime?
False
Is 126372125721 a prime number?
False
Is 8205342007 composite?
False
Is 60421986479 composite?
True
Is 36047159131 a prime number?
True
Is 33525133331 prime?
True
Is 996478463 composite?
True
Is 747651787 a prime number?
False
Is 294921037601 composite?
True
Is 15380773 a composite number?
True
Is 72659069257 prime?
False
Is 318277637 composite?
True
Is 523442473 composite?
False
Is 18082515655 a prime number?
False
Is 7859832583 a prime number?
False
Is 850398287 a prime number?
True
Is 3625615667 composite?
True
Is 31884526501 composite?
False
Is 3018982327 a composite number?
True
Is 86181196553 a composite number?
False
Is 1102955839 a prime number?
True
Is 1298816401 prime?
True
Is 716297113 composite?
True
Is 2219880353 a composite number?
False
Is 75971754221 composite?
True
Is 61465281919 prime?
False
Is 16300833151 a prime number?
True
Is 294848959 prime?
True
Is 26767257967 composite?
True
Is 78229091 prime?
False
Is 152250753073 a prime number?
True
Is 47389105409 composite?
False
Is 81479417791 prime?
True
Is 6786189913 composite?
False
Is 9292933099 prime?
True
Is 5660324801 composite?
False
Is 70915264081 composite?
True
Is 22034654321 composite?
False
Is 1835562499 prime?
False
Is 38828617 a composite number?
True
Is 2097554509 prime?
True
Is 21569896607 prime?
False
Is 344949247 composite?
True
Is 201068969 composite?
False
Is 1980363293 a composite number?
True
Is 1038373451 a prime number?
False
Is 126944924185 a composite number?
True
Is 2481696947 prime?
True
Is 17665098799 a composite number?
True
Is 15202007 a prime number?
True
Is 4215785611 composite?
False
Is 122795402671 a composite number?
False
Is 1063320449 a composite number?
False
Is 296649094057 a prime number?
True
Is 1251085415 composite?
True
Is 849911329 composite?
False
Is 1798307323 composite?
True
Is 19454986663 prime?
False
Is 21637136369 composite?
True
Is 151262129 prime?
False
Is 23503302565 composite?
True
Is 5294728687 a prime number?
True
Is 32167839745 a prime number?
False
Is 354705721 prime?
False
Is 337860267337 a composite number?
False
Is 11103374173 prime?
True
Is 100497104219 a composite number?
False
Is 81684859 prime?
False
Is 1049554477 composite?
False
Is 3652688251 prime?
False
Is 29045992663 a prime number?
False
Is 48658128073 prime?
True
Is 2424537251 a prime number?
False
Is 11539194041 a prime number?
False
Is 4907214857 a composite number?
True
Is 115633667 a prime number?
False
Is 617699479 a prime number?
True
Is 3345316313 composite?
True
Is 2640985451 prime?
False
Is 4839173 composite?
True
Is 1649261951 composite?
False
Is 7472292757 a composite number?
False
Is 11548391479 composite?
True
Is 11747477669 composite?
True
Is 954556319 a prime number?
True
Is 263720257 prime?
False
Is 438672449 prime?
False
Is 1381230001 composite?
True
Is 61095988981 composite?
True
Is 154804721977 prime?
True
Is 12923437433 composite?
False
Is 295152443 a prime number?
False
Is 31479422693 a composite number?
False
Is 5114345057 a composite number?
True
Is 7050455791 a composite number?
True
Is 9116821457 a composite number?
False
Is 25077074881 a composite number?
True
Is 12938927753 prime?
False
Is 121511122303 a composite number?
False
Is 717990109 a prime number?
True
Is 1587146313 prime?
False
Is 128008043 prime?
True
Is 1184170489 a composite number?
False
Is 7187785769 prime?
True
Is 7579620145 composite?
True
Is 241931639 prime?
False
Is 6922017367 a composite number?
True
Is 1320631967 composite?
True
Is 8878336123 a prime number?
False
Is 2842303931 prime?
False
Is 1493918033 a composite number?
False
Is 6381554611 prime?
False
Is 13866198911 composite?
False
Is 334342513 a prime number?
False
Is 22332971737 prime?
True
Is 4663692119 composite?
True
Is 5118185129 prime?
True
Is 264939797 composite?
False
Is 810209479 a composite number?
False
Is 1632471933 prime?
False
Is 10106940677 composite?
True
Is 729490459 a prime number?
True
Is 95065045447 a prime number?
True
Is 278163761 prime?
True
Is 13407733 a prime number?
False
Is 151650353 composite?
True
Is 30688350497 a prime number?
False
Is 13956757 composite?
False
Is 53798021119 prime?
True
Is 7407569683 composite?
False
Is 10850561 a composite number?
True
Is 1755189169 prime?
True
Is 2315508901 a composite number?
False
Is 5472650821 prime?
False
Is 2867002343 a prime number?
False
Is 54047747049 a composite number?
True
Is 872341853 prime?
True
Is 36643508641 a composite number?
True
Is 54811384891 a composite number?
True
Is 23081798193 a composite number?
True
Is 463870043643 a composite number?
True
Is 161829431 composite?
False
Is 70124284553 a prime number?
True
Is 42511864139 a composite number?
False
Is 2465824241 a prime number?
True
Is 1478813639 prime?
False
Is 3784497103 a prime number?
False
Is 993972527 composite?
False
Is 955749391 a prime number?
True
Is 12142705693 a prime number?
True
Is 52001435503 composite?
False
Is 27616601207 prime?
False
Is 14541550091 a prime number?
False
Is 4643795953 a prime number?
False
Is 155515741151 a composite number?
True
Is 9918637789 a prime number?
False
Is 55509139597 a prime number?
False
Is 401001319 prime?
True
Is 574877291 a prime number?
True
Is 155229331 a composite number?
True
Is 224924965231 composite?
False
Is 8862829823 prime?
False
Is 68469512999 composite?
True
Is 577073579 prime?
True
Is 16593371843 a prime number?
True
Is 89827921 a composite number?
False
Is 52863445627 a prime number?
False
Is 18073341311 a composite number?
True
Is 180812647 composite?
True
Is 133525358591 prime?
True
Is 1062559271 prime?
True
Is 64231663303 a prime number?
True
Is 153263249 composite?
False
Is 3389569285 prime?
False
Is 326670763 composite?
False
Is 7574058053 prime?
True
Is 1407445133 a composite number?
True
Is 2344859843 prime?
True
Is 5026436839 a prime number?
True
Is 133511600917 prime?
True
Is 8564923673 a composite number?
False
Is 5620334105 a composite number?
True
Is 945993157 composite?
True
Is 4266236713 prime?
True
Is 171002981 prime?
False
Is 1275119873 prime?
True
Is 234860573 a prime number?
True
Is 1011502573 a composite number?
False
Is 12775702967 a prime number?
False
Is 134901799 prime?
True
Is 8073252953 a prime number?
True
Is 14731163479 a composite number?
False
Is 419377951 prime?
False
Is 19366981 prime?
False
Is 18033593771 prime?
True
Is 86073671 prime?
False
Is 3069184793 a composite number?
False
Is 5889624627 a prime number?
False
Is 1021877999 composite?
False
Is 708135817 composite?
True
Is 538251031 a composite number?
True
Is 3546868733 a composite number?
True
Is 1250003563 a prime number?
False
Is 16664371 a prime number?
False
Is 1478954531 prime?
True
Is 21114899609 a composite number?
False
Is 149978243 a composite number?
False
Is 116722595257 a composite number?
True
Is 26183533522 a composite number?
True
Is 917439137 a prime number?
True
Is 1545056281 prime?
True
Is 1654247405 composite?
True
Is 19219177213 a prime number?
True
Is 137749681369 a prime number?
True
Is 33875404657 a prime number?
True
Is 239450459 a composite number?
False
Is 1413301237 a prime number?
False
Is 1515256139 a prime number?
False
Is 196683695